{"id":854,"date":"2018-07-02T19:30:24","date_gmt":"2018-07-02T22:30:24","guid":{"rendered":"https:\/\/isp21-sfe.infd.edu.ar\/sitio\/tecnicatura-superior-en-higiene-y-seguridad-en-el-trabajo\/"},"modified":"2025-12-02T21:50:11","modified_gmt":"2025-12-03T00:50:11","slug":"tecnicatura-superior-en-higiene-y-seguridad-en-el-trabajo","status":"publish","type":"page","link":"https:\/\/isp21-sfe.infd.edu.ar\/sitio\/tecnicatura-superior-en-higiene-y-seguridad-en-el-trabajo\/","title":{"rendered":"Tecnicatura Superior en Higiene y Seguridad en el Trabajo"},"content":{"rendered":"\n<figure class=\"wp-block-image size-full is-resized\"><img decoding=\"async\" loading=\"lazy\" src=\"https:\/\/isp21-sfe.infd.edu.ar\/sitio\/wp-content\/uploads\/2025\/12\/Higiene1.jpg\" alt=\"\" class=\"wp-image-2649\" width=\"1019\" height=\"488\" srcset=\"https:\/\/isp21-sfe.infd.edu.ar\/sitio\/wp-content\/uploads\/2025\/12\/Higiene1.jpg 940w, https:\/\/isp21-sfe.infd.edu.ar\/sitio\/wp-content\/uploads\/2025\/12\/Higiene1-768x368.jpg 768w\" sizes=\"(max-width: 1019px) 100vw, 1019px\" \/><\/figure>\n\n\n<p data-start=\"308\" data-end=\"397\"><em data-start=\"312\" data-end=\"397\"><br \/>Proteg\u00e9 a las personas. Preven\u00ed riesgos. Constru\u00ed ambientes de trabajo m\u00e1s seguros.<\/em><\/p>\n<h5 data-start=\"404\" data-end=\"466\"><strong data-start=\"410\" data-end=\"466\">\u00bfPor qu\u00e9 estudiar Higiene y Seguridad en el Trabajo?<\/strong><\/h5>\n<p>En cada industria, empresa, instituci\u00f3n y organizaci\u00f3n, la seguridad es un pilar fundamental. Formarte en Higiene y Seguridad significa convertirte en un profesional capaz de <strong data-start=\"642\" data-end=\"752\">prevenir riesgos, cuidar la salud de las personas y garantizar entornos laborales m\u00e1s seguros y eficientes<\/strong>.<br data-start=\"753\" data-end=\"756\" \/>Es una carrera con fuerte compromiso social, alto sentido de responsabilidad y creciente demanda en el mercado laboral.<\/p>\n<h5 data-start=\"882\" data-end=\"926\"><strong data-start=\"888\" data-end=\"926\">\u00bfQu\u00e9 vas a lograr en esta carrera?<\/strong><\/h5>\n<ul data-start=\"927\" data-end=\"1412\">\n<li data-start=\"927\" data-end=\"1065\">Conocer los principios de <strong data-start=\"955\" data-end=\"990\">prevenci\u00f3n de riesgos laborales<\/strong>, higiene industrial, seguridad, ergonom\u00eda, toxicolog\u00eda y medio ambiente.<\/li>\n<li data-start=\"927\" data-end=\"1065\">Aplicar normativas y marcos legales vigentes en materia de seguridad laboral.<\/li>\n<li data-start=\"1148\" data-end=\"1225\">Identificar, evaluar y controlar riesgos en distintos \u00e1mbitos de trabajo.<\/li>\n<li data-start=\"1226\" data-end=\"1322\">Utilizar herramientas y metodolog\u00edas t\u00e9cnicas para elaborar diagn\u00f3sticos y planes de acci\u00f3n.<\/li>\n<li data-start=\"1226\" data-end=\"1322\">Formarte con una visi\u00f3n integral, capaz de promover una cultura de seguridad y cuidado.<\/li>\n<\/ul>\n<h5 data-start=\"1419\" data-end=\"1474\"><strong data-start=\"1425\" data-end=\"1474\">Pr\u00e1cticas profesionalizantes con impacto real<\/strong><\/h5>\n<p data-start=\"1475\" data-end=\"1588\">A lo largo de la carrera tendr\u00e1s experiencias formativas en empresas, industrias y organizaciones de la regi\u00f3n:<\/p>\n<ul data-start=\"1589\" data-end=\"1812\">\n<li data-start=\"1589\" data-end=\"1649\">Relevamiento de condiciones y medio ambiente de trabajo.<\/li>\n<li data-start=\"1650\" data-end=\"1697\">An\u00e1lisis de riesgos y propuestas de mejora.<\/li>\n<li data-start=\"1698\" data-end=\"1750\">Participaci\u00f3n en equipos de Higiene y Seguridad.<\/li>\n<li data-start=\"1751\" data-end=\"1812\">Elaboraci\u00f3n de informes, protocolos y planes de prevenci\u00f3n.<\/li>\n<\/ul>\n<p data-start=\"1814\" data-end=\"1923\">Estas pr\u00e1cticas te permiten ingresar al campo profesional con experiencia concreta y conocimientos aplicados.<\/p>\n\n\n<\/strong><\/h5>\n<figure class=\"wp-block-image size-full is-resized\"><img decoding=\"async\" loading=\"lazy\" class=\"wp-image-2650\" src=\"https:\/\/isp21-sfe.infd.edu.ar\/sitio\/wp-content\/uploads\/2025\/12\/higiene2.jpg\" alt=\"\" width=\"1018\" height=\"487\" srcset=\"https:\/\/isp21-sfe.infd.edu.ar\/sitio\/wp-content\/uploads\/2025\/12\/higiene2.jpg 940w, https:\/\/isp21-sfe.infd.edu.ar\/sitio\/wp-content\/uploads\/2025\/12\/higiene2-768x368.jpg 768w\" sizes=\"(max-width: 1018px) 100vw, 1018px\" \/><\/figure>\n<h5 data-start=\"1930\" data-end=\"1959\"><strong data-start=\"1936\" data-end=\"1959\">\n\n\n<p>Perfil del egresado<\/p>\n<p data-start=\"1960\" data-end=\"2030\">Como T\u00e9cnico\/a Superior en Higiene y Seguridad en el Trabajo podr\u00e1s:<\/p>\n<ul data-start=\"2031\" data-end=\"2474\">\n<li data-start=\"2031\" data-end=\"2087\">Realizar mediciones y estudios del ambiente laboral.<\/li>\n<li data-start=\"2088\" data-end=\"2157\">Dise\u00f1ar programas de prevenci\u00f3n de riesgos y planes de seguridad.<\/li>\n<li data-start=\"2158\" data-end=\"2221\">Implementar normas de calidad, higiene y control ambiental.<\/li>\n<li data-start=\"2222\" data-end=\"2293\">Capacitar al personal en buenas pr\u00e1cticas y procedimientos seguros.<\/li>\n<li data-start=\"2294\" data-end=\"2421\">Integrarte a equipos interdisciplinarios en empresas, industrias, obras de construcci\u00f3n, instituciones p\u00fablicas y privadas.<\/li>\n<li data-start=\"2422\" data-end=\"2474\">Continuar estudios universitarios en \u00e1reas afines.<\/li>\n<\/ul>\n<h5 data-start=\"2481\" data-end=\"2536\"><strong data-start=\"2487\" data-end=\"2536\">Una carrera en crecimiento y con alta demanda<\/strong><\/h5>\n<p data-start=\"2537\" data-end=\"2716\">La normativa vigente y la creciente preocupaci\u00f3n por la salud laboral generan una demanda constante de profesionales especializados.<br data-start=\"2669\" data-end=\"2672\" \/>El campo de inserci\u00f3n es amplio e incluye:<\/p>\n<ul data-start=\"2717\" data-end=\"2890\">\n<li data-start=\"2717\" data-end=\"2742\">Industrias y f\u00e1bricas<\/li>\n<li data-start=\"2743\" data-end=\"2768\">Empresas de servicios<\/li>\n<li data-start=\"2769\" data-end=\"2794\">Obras y constructoras<\/li>\n<li data-start=\"2795\" data-end=\"2818\">Organismos p\u00fablicos<\/li>\n<li data-start=\"2819\" data-end=\"2847\">Consultoras de seguridad<\/li>\n<li data-start=\"2848\" data-end=\"2890\">Gesti\u00f3n ambiental y control de calidad<\/li>\n<\/ul>\n<h5 data-start=\"2897\" data-end=\"2935\">\u00a0<strong data-start=\"2903\" data-end=\"2935\">\u00bfPara qui\u00e9n es esta carrera?<\/strong><\/h5>\n<p data-start=\"2936\" data-end=\"2951\">Para quienes:<\/p>\n<ul data-start=\"2952\" data-end=\"3229\">\n<li data-start=\"2952\" data-end=\"3033\">Tienen inter\u00e9s en el cuidado del ambiente laboral y la salud de las personas.<\/li>\n<li data-start=\"3034\" data-end=\"3098\">Poseen sentido de responsabilidad, observaci\u00f3n y compromiso.<\/li>\n<li data-start=\"3099\" data-end=\"3158\">Buscan una formaci\u00f3n t\u00e9cnica con r\u00e1pida salida laboral.<\/li>\n<li data-start=\"3159\" data-end=\"3229\">Quieren asegurar un futuro profesional con estabilidad y proyecci\u00f3n.<\/li>\n<\/ul>\n\n\n<\/strong><\/p>\n<figure class=\"wp-block-image size-full is-resized\"><img decoding=\"async\" loading=\"lazy\" class=\"wp-image-2651\" src=\"https:\/\/isp21-sfe.infd.edu.ar\/sitio\/wp-content\/uploads\/2025\/12\/higiene3.jpg\" alt=\"\" width=\"1014\" height=\"485\" srcset=\"https:\/\/isp21-sfe.infd.edu.ar\/sitio\/wp-content\/uploads\/2025\/12\/higiene3.jpg 940w, https:\/\/isp21-sfe.infd.edu.ar\/sitio\/wp-content\/uploads\/2025\/12\/higiene3-768x368.jpg 768w\" sizes=\"(max-width: 1014px) 100vw, 1014px\" \/><\/figure>\n<p><strong data-start=\"3242\" data-end=\"3285\">\n\n\n<p>Lo que hace \u00fanica a nuestra Tecnicatura<\/p>\n<ul data-start=\"3286\" data-end=\"3615\">\n<li data-start=\"3286\" data-end=\"3342\">Formaci\u00f3n t\u00e9cnica actualizada y orientada al empleo.<\/li>\n<li data-start=\"3343\" data-end=\"3398\">Docentes con experiencia en industrias y servicios.<\/li>\n<li data-start=\"3399\" data-end=\"3445\">Pr\u00e1cticas reales en empresas de la regi\u00f3n.<\/li>\n<li data-start=\"3446\" data-end=\"3490\">Acompa\u00f1amiento cercano y enfoque humano.<\/li>\n<li data-start=\"3491\" data-end=\"3550\">Uso de instrumentos y t\u00e9cnicas de medici\u00f3n espec\u00edficas.<\/li>\n<li data-start=\"3491\" data-end=\"3550\">Articulaci\u00f3n con organismos y empresas del entorno productivo.<\/li>\n<\/ul>\n<h5 style=\"text-align: left;\"><br \/>+ Informaci\u00f3n:<\/h5>\n<p style=\"text-align: center;\"><a href=\"https:\/\/isp21-sfe.infd.edu.ar\/sitio\/wp-content\/uploads\/2024\/12\/DISENO_Higiene_Seguridad_Trabajo.pdf\">Dise\u00f1o Curricular<\/a><br \/><a href=\"https:\/\/isp21-sfe.infd.edu.ar\/sitio\/wp-content\/uploads\/2024\/12\/plan-de-estudio-TSHST.pdf\">Plan de Estudio<\/a><br \/><a href=\"https:\/\/isp21-sfe.infd.edu.ar\/sitio\/wp-content\/uploads\/2024\/12\/correlatividades_tshst.pdf\">Correlatividades<\/a><\/p>","protected":false},"excerpt":{"rendered":"<p>Proteg\u00e9 a las personas. Preven\u00ed riesgos. Constru\u00ed ambientes de trabajo m\u00e1s seguros. \u00bfPor qu\u00e9 estudiar Higiene y Seguridad en el Trabajo? En cada industria, empresa, instituci\u00f3n y organizaci\u00f3n, la seguridad es un pilar fundamental. Formarte en Higiene y Seguridad significa convertirte en un profesional capaz de prevenir riesgos, cuidar la salud de las personas y &#8230; <a title=\"Tecnicatura Superior en Higiene y Seguridad en el Trabajo\" class=\"read-more\" href=\"https:\/\/isp21-sfe.infd.edu.ar\/sitio\/tecnicatura-superior-en-higiene-y-seguridad-en-el-trabajo\/\" aria-label=\"More on Tecnicatura Superior en Higiene y Seguridad en el Trabajo\">[+]<\/a><\/p>\n","protected":false},"author":331,"featured_media":0,"parent":0,"menu_order":0,"comment_status":"closed","ping_status":"closed","template":"","meta":[],"acf":[],"_links":{"self":[{"href":"https:\/\/isp21-sfe.infd.edu.ar\/sitio\/wp-json\/wp\/v2\/pages\/854"}],"collection":[{"href":"https:\/\/isp21-sfe.infd.edu.ar\/sitio\/wp-json\/wp\/v2\/pages"}],"about":[{"href":"https:\/\/isp21-sfe.infd.edu.ar\/sitio\/wp-json\/wp\/v2\/types\/page"}],"author":[{"embeddable":true,"href":"https:\/\/isp21-sfe.infd.edu.ar\/sitio\/wp-json\/wp\/v2\/users\/331"}],"replies":[{"embeddable":true,"href":"https:\/\/isp21-sfe.infd.edu.ar\/sitio\/wp-json\/wp\/v2\/comments?post=854"}],"version-history":[{"count":15,"href":"https:\/\/isp21-sfe.infd.edu.ar\/sitio\/wp-json\/wp\/v2\/pages\/854\/revisions"}],"predecessor-version":[{"id":2667,"href":"https:\/\/isp21-sfe.infd.edu.ar\/sitio\/wp-json\/wp\/v2\/pages\/854\/revisions\/2667"}],"wp:attachment":[{"href":"https:\/\/isp21-sfe.infd.edu.ar\/sitio\/wp-json\/wp\/v2\/media?parent=854"}],"curies":[{"name":"wp","href":"https:\/\/api.w.org\/{rel}","templated":true}]}}