{"id":838,"date":"2018-07-02T19:30:19","date_gmt":"2018-07-02T22:30:19","guid":{"rendered":"https:\/\/isp21-sfe.infd.edu.ar\/sitio\/solicitud-de-altas-al-campus\/"},"modified":"2019-03-01T19:05:59","modified_gmt":"2019-03-01T22:05:59","slug":"solicitud-de-altas-al-campus","status":"publish","type":"page","link":"https:\/\/isp21-sfe.infd.edu.ar\/sitio\/solicitud-de-altas-al-campus\/","title":{"rendered":"Solicitud de altas al Campus"},"content":{"rendered":"<p><strong><span style=\"color: #ff0000; font-size: 12pt;\">Utilice algunos de los siguientes formularios para solicitar su alta al Campus<\/span><\/strong><\/p>\n<p><a href=\"https:\/\/docs.google.com\/forms\/d\/e\/1FAIpQLSf5mmm1hZ7ugYsNwbjIpUVaOniSdSVKtSWSaWAa601rGx3w2A\/viewform\" target=\"_blank\" rel=\"noopener\">T\u00e9cnico Superior en Desarrollo de Software<\/a><\/p>\n<p><a href=\"https:\/\/docs.google.com\/forms\/d\/e\/1FAIpQLSfvh6bWQC_SlIinc7maef9sZ08FeSbF_9Dy7cekgMvlAgSjeA\/viewform\" target=\"_blank\" rel=\"noopener\">T\u00e9cnico Superior en Higiene y Seguridad en el Trabajo<\/a><\/p>\n<p><a href=\"https:\/\/docs.google.com\/forms\/d\/e\/1FAIpQLSfBYr6s5amMF0Xo1smB4_dYdXngJyXhysooVZo3_bsQbhqrgw\/viewform\" target=\"_blank\" rel=\"noopener\">T\u00e9cnico Superior en Mantenimiento Industrial<\/a><\/p>\n<p><a href=\"https:\/\/docs.google.com\/forms\/d\/e\/1FAIpQLScbkMjDPFwnUvqJ1dckDlggo0-TZXz8EZ5T87V5oKtNBapE2g\/viewform\" target=\"_blank\" rel=\"noopener\">Profesorado en Matem\u00e1tica<\/a><\/p>\n<p><a href=\"https:\/\/docs.google.com\/forms\/d\/e\/1FAIpQLSfTyOMcyfrQHH7TRW1cM-5n_5ipgILLGPPCp4VCfl3QLrcqIw\/viewform\" target=\"_blank\" rel=\"noopener\">Profesorado en Biolog\u00eda<\/a><\/p>\n<p><a href=\"https:\/\/goo.gl\/forms\/glZ2B6MuA464Kag22\" target=\"_blank\" rel=\"noopener\">Encuesta a ingresantes a 1\u00ba a\u00f1o<\/a><\/p>\n","protected":false},"excerpt":{"rendered":"<p>Utilice algunos de los siguientes formularios para solicitar su alta al Campus T\u00e9cnico Superior en Desarrollo de Software T\u00e9cnico Superior en Higiene y Seguridad en el Trabajo T\u00e9cnico Superior en Mantenimiento Industrial Profesorado en Matem\u00e1tica Profesorado en Biolog\u00eda Encuesta a ingresantes a 1\u00ba a\u00f1o<\/p>\n","protected":false},"author":331,"featured_media":0,"parent":0,"menu_order":0,"comment_status":"closed","ping_status":"closed","template":"","meta":[],"acf":[],"_links":{"self":[{"href":"https:\/\/isp21-sfe.infd.edu.ar\/sitio\/wp-json\/wp\/v2\/pages\/838"}],"collection":[{"href":"https:\/\/isp21-sfe.infd.edu.ar\/sitio\/wp-json\/wp\/v2\/pages"}],"about":[{"href":"https:\/\/isp21-sfe.infd.edu.ar\/sitio\/wp-json\/wp\/v2\/types\/page"}],"author":[{"embeddable":true,"href":"https:\/\/isp21-sfe.infd.edu.ar\/sitio\/wp-json\/wp\/v2\/users\/331"}],"replies":[{"embeddable":true,"href":"https:\/\/isp21-sfe.infd.edu.ar\/sitio\/wp-json\/wp\/v2\/comments?post=838"}],"version-history":[{"count":1,"href":"https:\/\/isp21-sfe.infd.edu.ar\/sitio\/wp-json\/wp\/v2\/pages\/838\/revisions"}],"predecessor-version":[{"id":1106,"href":"https:\/\/isp21-sfe.infd.edu.ar\/sitio\/wp-json\/wp\/v2\/pages\/838\/revisions\/1106"}],"wp:attachment":[{"href":"https:\/\/isp21-sfe.infd.edu.ar\/sitio\/wp-json\/wp\/v2\/media?parent=838"}],"curies":[{"name":"wp","href":"https:\/\/api.w.org\/{rel}","templated":true}]}}